17?
-1144
In base 13, what is 58 + -c?
49
In base 5, what is 34211 - -4?
34220
In base 13, what is 4c + -7?
45
In base 14, what is -1 - -13?
12
In base 7, what is -2 + 4103?
4101
In base 6, what is -1344 + -13?
-1401
In base 6, what is -241 + -20?
-301
In base 5, what is -21 - 242?
-313
In base 15, what is -3e - -33?
-b
In base 16, what is -71 - 6?
-77
In base 10, what is 56 + -2?
54
In base 4, what is 2 + -231?
-223
In base 12, what is 2 - 365?
-363
In base 16, what is c1 + -5?
bc
In base 6, what is 54 + -5?
45
In base 13, what is 191 - -5?
196
In base 13, what is 1 - 40?
-3c
In base 9, what is 1 + 216?
217
In base 2, what is -1101000101 - 1?
-1101000110
In base 15, what is 11 + 7e?
90
In base 8, what is 133 + 27?
162
In base 3, what is -211 + 1011102?
1010121
In base 11, what is 15 - -2?
17
In base 10, what is 494 + -3?
491
In base 16, what is -6 - 17e?
-184
In base 14, what is -7 - 6b?
-74
In base 5, what is -3 - 42?
-100
In base 3, what is 111 - -2011?
2122
In base 10, what is 41 + -159?
-118
In base 3, what is 2002121 - 2?
2002112
In base 9, what is 5 + 515?
521
In base 10, what is 2 + -40?
-38
In base 9, what is 4078 - -3?
4082
In base 7, what is -22 - 25?
-50
In base 5, what is -10123 + 32?
-10041
In base 9, what is -1311 - -1?
-1310
In base 12, what is 41 + -61?
-20
In base 4, what is 1 + 11122?
11123
In base 7, what is -120 - 32?
-152
In base 5, what is 212230 + -3?
212222
In base 14, what is 5 + 54?
59
In base 10, what is -166 - 13?
-179
In base 3, what is -120201 - -10?
-120121
In base 2, what is -11010010001 - 10?
-11010010011
In base 4, what is -11133 - 223?
-12022
In base 10, what is -7 - -10?
3
In base 7, what is -402 - 0?
-402
In base 4, what is 3 - -220102?
220111
In base 10, what is -42 + -3?
-45
In base 6, what is -1 - -2420?
2415
In base 15, what is -5 - -65?
60
In base 10, what is 0 + 47?
47
In base 7, what is 345 + -62?
253
In base 3, what is -22011201 + -1?
-22011202
In base 8, what is -24 + 43?
17
In base 15, what is 5 - -433?
438
In base 12, what is -289 - -b?
-27a
In base 5, what is -242 - 0?
-242
In base 6, what is 0 + -120?
-120
In base 10, what is 2 + 250?
252
In base 4, what is -210023 + 3?
-210020
In base 10, what is -85 + 5?
-80
In base 15, what is -2 + 5c?
5a
In base 13, what is 789 + 5?
791
In base 6, what is 5345 - 4?
5341
In base 3, what is -10 + 10121212?
10121202
In base 14, what is -1297 + 0?
-1297
In base 3, what is 2 + -11002121?
-11002112
In base 6, what is -5 - -21?
12
In base 16, what is -10 + 19?
9
In base 16, what is 1 + -c37?
-c36
In base 2, what is 110111101110010 - -11?
110111101110101
In base 12, what is -5 + b0?
a7
In base 16, what is -17 + 21e?
207
In base 6, what is -2 + 121?
115
In base 6, what is 3 - 1030?
-1023
In base 3, what is -202 - -1002?
100
In base 14, what is 0 - -b25?
b25
In base 8, what is -17 + -14?
-33
In base 12, what is 11 + -4?
9
In base 10, what is -2 + -1138?
-1140
In base 8, what is -517 - 13?
-532
In base 6, what is 0 + 3150?
3150
In base 3, what is 220 + 12?
1002
In base 11, what is 1a - -9?
28
In base 8, what is 0 - -1410?
1410
In base 5, what is -3 + 131?
123
In base 3, what is -1 + 12111?
12110
In base 2, what is -111010 - -1011110?
100100
In base 6, what is 105100 - -4?
105104
In base 8, what is 12 + 1753?
1765
In base 15, what is -17416 - -2?
-17414
In base 3, what is 1211 - 21?
1120
In base 4, what is -3 + 13012?
13003
In base 5, what is -2 - 30301?
-30303
In base 10, what is -1 + 1917?
1916
In base 14, what is 450 + 0?
450
In base 13, what is -2 - -a7?
a5
In base 16, what is 282a - 0?
282a
In base 2, what is 111 + -1010?
-11
In base 12, what is -39 - 104?
-141
In base 16, what is 154 + 6?
15a
In base 10, what is -7 - 61?
-68
In base 14, what is 40b5 - -1?
40b6
In base 6, what is 0 + -1415?
-1415
In base 14, what is -9 - -10d?
104
In base 2, what is 11 + 111101?
1000000
In base 7, what is -1163 - -10?
-1153
In base 16, what is 45 - 3?
42
In base 10, what is 2443 - 5?
2438
In base 10, what is 100 - 17?
83
In base 11, what is 9 + -86?
-78
In base 12, what is -1 - -25?
24
In base 10, what is 1694 + 3?
1697
In base 13, what is 5 - 378?
-373
In base 4, what is 11 + 22123?
22200
In base 2, what is 1110 - 10000?
-10
In base 12, what is 9 - -16?
23
In base 13, what is -24 + 7?
-1a
In base 5, what is 13 - -11?
24
In base 4, what is -12 + -102?
-120
In base 10, what is 5 + 86?
91
In base 2, what is 11 + 10100000000?
10100000011
In base 14, what is 2c - b4?
-86
In base 9, what is 112 + -4?
107
In base 11, what is 2 + 83?
85
In base 6, what is 324 + -10?
314
In base 7, what is -1 - -316?
315
In base 2, what is -100 - -100001010111?
100001010011
In base 5, what is 10 - -30110?
30120
In base 2, what is -11 - 11010001?
-11010100
In base 4, what is -2313 + -10?
-2323
In base 9, what is -504 - 4?
-508
In base 4, what is -3 - -303?
300
In base 13, what is -1 + -47?
-48
In base 10, what is -145 - -8?
-137
In base 12, what is -3 - -70?
69
In base 5, what is -11 + 34?
23
In base 14, what is -26 + -4?
-2a
In base 13, what is 4 - 14c?
-148
In base 12, what is -17 - 40?
-57
In base 12, what is 278 + 5?
281
In base 4, what is -2000121 - 11?
-2000132
In base 5, what is 21410 - -1?
21411
In base 15, what is -2 - -54?
52
In base 15, what is 927 - -2?
929
In base 10, what is 12393 + -3?
12390
In base 3, what is 12222210 + -10?
12222200
In base 16, what is 75 - 3d?
38
In base 12, what is 1a + -16?
4
In base 11, what is -2778 - -4?
-2774
In base 12, what is -b - 4b?
-5a
In base 10, what is -6 + 5009?
5003
In base 10, what is 65 - 23?
42
In base 10, what is 293 + -25?
268
In base 3, what is -2 - 1100220?
-1100222
In base 11, what is 6 - -198?
1a3
In base 9, what is -210 + -14?
-224
In base 2, what is 100 + -1?
11
In base 15, what is 8 - -5?
d
In base 11, what is -71 + 1?
-70
In base 4, what is -11333 - -2?
-11331
In base 7, what is 133 + -3?
130
In base 2, what is 11 - -1010011101001?
1010011101100
In base 4, what is -20 - 1200?
-1220
In base 6, what is 13 - 24?
-11
In base 4, what is 13 - 11033?
-11020
In base 8, what is 1073 - -5?
1100
In base 16, what is -1c - -15f?
143
In base 14, what is 9 + -1?
8
In base 2, what is -1100111100 + -10001?
-1101001101
In base 9, what is 18 - 103?
-74
In base 16, what is -49 + 12?
-37
In base 13, what is 2 - -1632?
1634
In base 15, what is -3 + 6b1?
6ad
In base 5, what is 3012 - -2?
3014
In base 13, what is 155b + -3?
1558
In base 6, what is -2431 - 43?
-2514
In base 12, what is -1 - -264b?
264a
In base 3, what is -2110 - -11?
-2022
In base 12, what is -1b - -2?
-19
In base 3, what is 2212 - 1001?
1211
In base 2, what is 111101 + -11?
111010
In base 9, what is -2 + -30?
-32
In base 13, what is -7 - 48?
-52
In base 16, what is 3de - -2?
3e0
In base 4, what is -10 - 203211?
-203221
In base 2, what is 10 + 10101101111?
10101110001
In base 16, what is -9a8 - 4?
-9ac
In base 11, what is 185 + 12?
197
In base 13, what is 41c + -4?
418
In base 10, what is -31 + -53?
-84
In base 7, what is 26633 - 3?
26630
In base 15, what is 2 + 502?
504
In base 9, what is -236 - 3?
-240
In base 14, what is 2 + 1?
3
In base 16, what is -52d + 4?
-529
In base 12, what is 6 - 2a?
-24
In base 4, what is 10 + 13101?
13111
In base 16, what is 72 + -35?
3d
In base 9, what is -5 - 2244?
-2250
In base 15, what is 18 + 54?
6c
In base 6, what is -11124 + 11?
-11113
In base 7, what is -4 + 1566?
1562
In base 13, what is -c45 + 6?
-c3c
In base 5, what is -4 - -220?
211
In base 12, what is 4 + 44?
48
In base 3, what is -10121100 + -20?
-10121120
In base 7, what is 244 + -232?
12
In base 9, what is -5 + -2?
-7
In base 8, what is 226 + -4?
222
In base 4, what is -10 + 30121?
30111
In base 12, what is 9 + 16?
23
In base 14, what is -11 - -112?
101
In base 9, what is 3 + 5767?
5771
In base 16, what is 1a - -8?
22
In base 14, what is -4 - -12bc?
12b8
In base 15, what is -bc - 38?
-105
In base 6, what is 113 - -3?
120
In base 6, what is -24 - 405?
-433
In base 4, what is 123 + 100?
223
In base 14, what is -1ab6 + -4?
-1aba
In base 14, what is -4 - -170b?
1707
In base 10, what is -2 - -39?
37
In base 4, what is -3122 + -1?
-3123
In base 9, what is -1066 - -3?
-1063
In base 7, what is 5 - -2?
10
In base 8, what is 1 + 12?
13
In base 8, what is -136 - 5?
-143
In base 4, what is -20311 + 1?
-20310
In